ime factors of 1315?
5, 263
What are the prime factors of 483?
3, 7, 23
List the prime factors of 2067.
3, 13, 53
What are the prime factors of 82789?
7, 11827
What are the prime factors of 12927?
3, 31, 139
List the prime factors of 913.
11, 83
What are the prime factors of 37443?
3, 7, 1783
What are the prime factors of 10337?
10337
List the prime factors of 17470.
2, 5, 1747
List the prime factors of 3017.
7, 431
What are the prime factors of 8162?
2, 7, 11, 53
List the prime factors of 18321.
3, 31, 197
List the prime factors of 29227.
11, 2657
List the prime factors of 1273.
19, 67
What are the prime factors of 32736?
2, 3, 11, 31
List the prime factors of 31729.
31729
List the prime factors of 35761.
11, 3251
List the prime factors of 22779.
3, 2531
What are the prime factors of 9768?
2, 3, 11, 37
What are the prime factors of 3711?
3, 1237
List the prime factors of 99111.
3, 33037
List the prime factors of 1337.
7, 191
What are the prime factors of 3150?
2, 3, 5, 7
What are the prime factors of 4754?
2, 2377
What are the prime factors of 18910?
2, 5, 31, 61
What are the prime factors of 34559?
7, 4937
List the prime factors of 698.
2, 349
What are the prime factors of 2226?
2, 3, 7, 53
What are the prime factors of 64059?
3, 131, 163
List the prime factors of 117008.
2, 71, 103
What are the prime factors of 15369?
3, 47, 109
List the prime factors of 41744.
2, 2609
List the prime factors of 2473.
2473
List the prime factors of 12166.
2, 7, 11, 79
What are the prime factors of 383?
383
What are the prime factors of 26175?
3, 5, 349
List the prime factors of 5460.
2, 3, 5, 7, 13
List the prime factors of 89686.
2, 44843
List the prime factors of 35653.
101, 353
What are the prime factors of 150?
2, 3, 5
What are the prime factors of 18934?
2, 9467
What are the prime factors of 90?
2, 3, 5
What are the prime factors of 4117?
23, 179
What are the prime factors of 31759?
7, 13, 349
List the prime factors of 1756.
2, 439
List the prime factors of 1468.
2, 367
What are the prime factors of 2603?
19, 137
List the prime factors of 12513.
3, 43, 97
List the prime factors of 41981.
41981
List the prime factors of 32041.
179
List the prime factors of 8368.
2, 523
List the prime factors of 1589.
7, 227
List the prime factors of 159.
3, 53
List the prime factors of 476.
2, 7, 17
List the prime factors of 4879.
7, 17, 41
List the prime factors of 15923.
15923
List the prime factors of 988.
2, 13, 19
What are the prime factors of 47471?
37, 1283
List the prime factors of 818.
2, 409
List the prime factors of 465.
3, 5, 31
List the prime factors of 74736.
2, 3, 173
List the prime factors of 5631.
3, 1877
List the prime factors of 218.
2, 109
List the prime factors of 3929.
3929
List the prime factors of 5108.
2, 1277
List the prime factors of 64079.
139, 461
List the prime factors of 103258.
2, 17, 3037
List the prime factors of 2666.
2, 31, 43
What are the prime factors of 324?
2, 3
What are the prime factors of 19935?
3, 5, 443
List the prime factors of 1985.
5, 397
What are the prime factors of 112?
2, 7
What are the prime factors of 1001?
7, 11, 13
What are the prime factors of 1920?
2, 3, 5
List the prime factors of 2252.
2, 563
List the prime factors of 3093.
3, 1031
What are the prime factors of 337?
337
What are the prime factors of 11083?
11083
What are the prime factors of 14224?
2, 7, 127
List the prime factors of 813.
3, 271
List the prime factors of 78038.
2, 39019
What are the prime factors of 22713?
3, 67, 113
What are the prime factors of 46446?
2, 3, 7741
List the prime factors of 4221.
3, 7, 67
What are the prime factors of 3095?
5, 619
What are the prime factors of 2174?
2, 1087
List the prime factors of 50864.
2, 11, 17
List the prime factors of 6665.
5, 31, 43
List the prime factors of 9591.
3, 23, 139
List the prime factors of 2077.
31, 67
What are the prime factors of 4920?
2, 3, 5, 41
What are the prime factors of 10992?
2, 3, 229
What are the prime factors of 8989?
89, 101
What are the prime factors of 5099?
5099
List the prime factors of 43777.
43777
What are the prime factors of 928?
2, 29
What are the prime factors of 16320?
2, 3, 5, 17
List the prime factors of 2143.
2143
List the prime factors of 41536.
2, 11, 59
List the prime factors of 4470.
2, 3, 5, 149
What are the prime factors of 8351?
7, 1193
List the prime factors of 4137.
3, 7, 197
What are the prime factors of 28096?
2, 439
List the prime factors of 2497.
11, 227
What are the prime factors of 3199?
7, 457
List the prime factors of 22238.
2, 11119
What are the prime factors of 139?
139
List the prime factors of 2897.
2897
What are the prime factors of 131943?
3, 7, 61, 103
What are the prime factors of 1096?
2, 137
List the prime factors of 41313.
3, 47, 293
What are the prime factors of 888?
2, 3, 37
What are the prime factors of 2110?
2, 5, 211
What are the prime factors of 940?
2, 5, 47
What are the prime factors of 1698?
2, 3, 283
List the prime factors of 139.
139
What are the prime factors of 1517?
37, 41
List the prime factors of 3838.
2, 19, 101
List the prime factors of 16613.
37, 449
What are the prime factors of 94470?
2, 3, 5, 47, 67
List the prime factors of 40545.
3, 5, 17, 53
List the prime factors of 30816.
2, 3, 107
What are the prime factors of 177214?
2, 88607
List the prime factors of 19278.
2, 3, 7, 17
List the prime factors of 27100.
2, 5, 271
List the prime factors of 13911.
3, 4637
List the prime factors of 8674.
2, 4337
List the prime factors of 8041.
11, 17, 43
List the prime factors of 45491.
45491
List the prime factors of 4101.
3, 1367
What are the prime factors of 2457?
3, 7, 13
List the prime factors of 12350.
2, 5, 13, 19
List the prime factors of 1250.
2, 5
What are the prime factors of 3915?
3, 5, 29
List the prime factors of 753.
3, 251
What are the prime factors of 33553?
13, 29, 89
What are the prime factors of 1582?
2, 7, 113
List the prime factors of 283.
283
What are the prime factors of 95?
5, 19
What are the prime factors of 1071?
3, 7, 17
What are the prime factors of 982?
2, 491
What are the prime factors of 37628?
2, 23, 409
List the prime factors of 3513.
3, 1171
List the prime factors of 32622.
2, 3, 5437
What are the prime factors of 688?
2, 43
List the prime factors of 18897.
3, 6299
List the prime factors of 4306.
2, 2153
What are the prime factors of 4267?
17, 251
List the prime factors of 20617.
53, 389
List the prime factors of 37075.
5, 1483
What are the prime factors of 6609?
3, 2203
List the prime factors of 959.
7, 137
What are the prime factors of 3048?
2, 3, 127
What are the prime factors of 1287?
3, 11, 13
What are the prime factors of 1193?
1193
What are the prime factors of 487?
487
List the prime factors of 16946.
2, 37, 229
List the prime factors of 6197.
6197
What are the prime factors of 3803?
3803
What are the prime factors of 5498?
2, 2749
List the prime factors of 1032.
2, 3, 43
What are the prime factors of 118?
2, 59
List the prime factors of 4010.
2, 5, 401
List the prime factors of 2719.
2719
What are the prime factors of 9922?
2, 11, 41
List the prime factors of 10867.
10867
What are the prime factors of 11301?
3, 3767
List the prime factors of 2206.
2, 1103
What are the prime factors of 4734?
2, 3, 263
What are the prime factors of 25694?
2, 29, 443
List the prime factors of 4974.
2, 3, 829
List the prime factors of 14493.
3, 4831
List the prime factors of 1956.
2, 3, 163
What are the prime factors of 28989?
3, 3221
What are the prime factors of 19504?
2, 23, 53
What are the prime factors of 76781?
76781
What are the prime factors of 858?
2, 3, 11, 13
What are the prime factors of 3135?
3, 5, 11, 19
List the prime factors of 5573.
5573
List the prime factors of 613.
613
List the prime factors of 2733.
3, 911
What are the prime factors of 13216?
2, 7, 59
List the prime factors of 354.
2, 3, 59
List the prime factors of 8695.
5, 37, 47
List the prime factors of 76509.
3, 8501
List the prime factors of 6508.
2, 1627
What are the prime factors of 7984?
2, 499
What are the prime factors of 99?
3, 11
What are the prime factors of 32996?
2, 73, 113
What are the prime factors of 98419?
98419
What are the prime factors of 68776?
2, 8597
List the prime factors of 4580.
2, 5, 229
What are the pri